Let a(s) = s**3 + 12*s**2 - 31*s - 35. Let o be a(-14). List the prime factors of q(o).
3, 13
Suppose 70*l = -16*l + 313073 - 51289. List the prime factors of l.
2, 761
Let a = 12603 - 8256. List the prime factors of a.
3, 7, 23
Let i(z) = 11*z + 2. Let y = -39 - -47. Suppose -f + y*f = 42. List the prime factors of i(f).
2, 17
Let v be (-1*4/4 - 70) + -3. Let j = v - -76. List the prime factors of j.
2
Let a = -422 + 21. Let t be 5*4/20 - a. Suppose 0*q + 268 = 2*d - 5*q, 0 = 3*d + 2*q - t. What are the prime factors of d?
2, 67
Suppose 5*s + 124 = 4. Let m = -24 - s. Suppose 4*a + m*t - 206 = -2*t, -245 = -5*a - 5*t. List the prime factors of a.
2, 3
Suppose 5*g = 4*u + 817, 103 = g - 3*u - 67. Let j(q) = -q**2 - 22*q - 12. Let l be j(-11). Let c = g - l. List the prime factors of c.
2, 13
Let b = -502 + 4663. What are the prime factors of b?
3, 19, 73
Let v(z) be the third derivative of 1/120*z**6 + 2/3*z**3 + 16*z**2 + 5/24*z**4 + 0*z + 0 - 1/10*z**5. List the prime factors of v(5).
2
Let i(j) = -5*j - 3*j + 47 + 6*j - 3*j. Let u be i(7). Let q(y) = y**2 + 5*y - 12. List the prime factors of q(u).
2, 3
What are the prime factors of (8 + 18935)*(-8)/(-8)?
19, 997
List the prime factors of 3156/8*(7 + (6 - 3)).
3, 5, 263
List the prime factors of (628/(-4) + -2)/(33/(-1474)).
2, 53, 67
Suppose -n + 159 = -h + 3*h, -62 = -h - 4*n. Let i = h - 135. Let a = 66 + i. What are the prime factors of a?
13
Suppose 117*n - 711522 - 1817550 = 0. What are the prime factors of n?
2, 7, 193
Suppose 174*c = 1096093 + 829739. List the prime factors of c.
2, 2767
Let z = -59 - -57. Let h = z - -146. What are the prime factors of h?
2, 3
Suppose -113*b + 49670 = 5*d - 117*b, 5*d - 49670 = 3*b. List the prime factors of d.
2, 4967
Suppose 4*i + 4*u + 4 = 0, -2 = -3*i - 0*i - 2*u. Suppose -2*m + 60 = -3*m - 5*r, i*m = 4*r - 288. Let s = 218 + m. List the prime factors of s.
2, 37
Let f(j) = -2*j + 2. Suppose 1 = -3*i + 5*y - 18, 5*i + 2*y = 20. Let h be f(i). List the prime factors of h - ((-205)/5 - 2).
41
Let r(s) = 53*s + 1. Let v be r(1). Suppose 2*d - 144 = 2*h, -d - h = 4*h - v. Suppose -117 = -z + 3*k, z + 2*k - 23 = d. List the prime factors of z.
2, 3, 17
Let x(h) = -h**3 - 5*h**2 + 7*h + 6. Let b be x(-6). Suppose -s = 3*w - 32, b = -0*s + 2*s - 4*w - 34. Suppose -r = -94 - s. What are the prime factors of r?
3, 13
What are the prime factors of (-2724320)/(-272) + (0 - (-12)/102)?
2, 313
Suppose 2*o - 2 = -3*g - 221, -2*g - 336 = 3*o. Let j = 57 + 119. Let w = o + j. List the prime factors of w.
2, 31
Suppose 133 = 2*p - 9*p. Let a(z) = -56 + 8*z - 16*z + 10. List the prime factors of a(p).
2, 53
Let l(x) = 6*x**2 + 46*x - 787. What are the prime factors of l(-61)?
11, 13, 131
What are the prime factors of 7 + 12801*(-25)/(-15) + -7?
5, 17, 251
Let c be (-2)/6 - 4*(-1844)/(-48). List the prime factors of (1 + 0 + 5)*(-8547)/c.
3, 37
Let g be 4/(-6) - (-4230)/27. Suppose 41*f - 37*f = -g. Let y = -33 - f. What are the prime factors of y?
2, 3
Suppose 5*j - 9799 = -2*t - 3736, 2*j - 2423 = -3*t. Let r = -836 + j. Suppose 4*g = 3*w + r, w = -0*w + 1. List the prime factors of g.
5, 19
Let q be -4 + (2 + -7 + 2 - -907). Suppose -q = 4*w - 7*w. List the prime factors of w.
2, 3, 5
List the prime factors of (-6652905)/(-1050) + 1/(-10).
2, 3, 11
Let n = 149122 + -87551. What are the prime factors of n?
23, 2677
Let g(v) = -66*v**3 - 2*v**2 - 4*v - 3. Let o be (-2)/7 + (-368)/(-112). Let a be (10 - 3 - o) + -5. What are the prime factors of g(a)?
5, 13
What are the prime factors of (90592/745)/((-2)/(-380))?
2, 19
Let u = -17028 - -28538. List the prime factors of u.
2, 5, 1151
Let a(m) = 75*m**2 - 6*m - 394. What are the prime factors of a(18)?
2, 73, 163
Let h(d) be the first derivative of -2*d**2 - d + 11. Let s be h(-1). What are the prime factors of s + (27*4 - -3)?
2, 3, 19
Let j(f) = f**2 - 2*f + 23. Let n be j(-18). Suppose -2*w + n = -w + 2*a, 3*a = -3*w + 1164. What are the prime factors of w?
3, 131
Suppose -3*y = 17 - 14. Let b be y/2 + (-399)/(-42). Let w = 80 - b. What are the prime factors of w?
71
Let c be 8/6*-246*(-1)/2. Let y be c*((-9)/10)/((-18)/(-15)). Let q = 205 + y. List the prime factors of q.
2, 41
Let y(j) = 3*j**2 - 5*j - 38. Let g be y(-11). Suppose g = -9*h + 1523. What are the prime factors of h?
127
Let w = -10237 - -14656. What are the prime factors of w?
3, 491
Let f = -384 - -168. What are the prime factors of (52*2/(-3))/(12/f)?
2, 3, 13
Let z = 21 - 22. What are the prime factors of (-14520)/(-44) + (-2)/z?
2, 83
Let f(y) be the second derivative of 28*y + y**3 - 1/2*y**2 + 1/20*y**5 + 2/3*y**4 + 0. List the prime factors of f(-5).
2, 11
Let u(t) = -t**3 + 4*t**2 + 9*t + 3. Let g be u(8). Let h = 418 + g. List the prime factors of h.
3, 79
Suppose -2*g + 2 = -3*o, -7*g + 12 = -2*o - 3*g. Suppose o*t + 3*x = -72, t - x = -t - 64. Let r = t + 56. List the prime factors of r.
23
Let d(h) = 3853*h - 2704. List the prime factors of d(7).
3, 8089
Suppose 115*g = 97*g. Suppose d + p - 1108 = g, -5*p - 3535 - 870 = -4*d. What are the prime factors of d?
5, 13, 17
Suppose r + 3*c = 1929, 8*r + 3*c = 11*r - 5787. What are the prime factors of r?
3, 643
Let f(h) = 21*h - 158. Let v = 337 - 303. List the prime factors of f(v).
2, 139
Let x(h) = h**2 - 2*h + 1. Let p be x(1). Let u be (2 - p) + 0/3. What are the prime factors of ((-2)/(-6))/(u/354)?
59
Let j = -1791 - -2720. What are the prime factors of j?
929
Let h be 0*((-45)/6 - -7). Suppose -2*j - 3*j - 5*c + 8110 = h, 0 = -4*c + 8. What are the prime factors of j?
2, 3, 5
Suppose 2*c = 89*d - 85*d + 2438, -4*d = 5*c - 6095. List the prime factors of c.
23, 53
Let i be ((-4)/(-9))/(((-12)/27)/(-2)). What are the prime factors of 3/9 - (i - (-9056)/(-12))?
3, 251
Suppose -13*w + 0*w + 39 = 0. Suppose 3*t - 1152 = -0*x - w*x, -4*t + 1491 = -5*x. List the prime factors of t.
379
Suppose -5*l - 51 = -41. Let a(j) = -2*j**3 - 3*j**2. Let r be a(l). Suppose -25 - 471 = -r*i. What are the prime factors of i?
2, 31
Let k(j) = 2624*j**2 - 34*j - 47. List the prime factors of k(-2).
13, 809
Suppose 2*p = -3*d - 460, 3*d - d = 3*p + 716. Let h be 5/(-20) + -267*34/(-24). Let y = h + p. List the prime factors of y.
2, 71
Let c = -41 - -43. Let m(x) = -x**3 - 1 + 4*x + 3 + 3 + 8*x**c. What are the prime factors of m(7)?
2, 41
Let s(p) = p**3 - 3*p**2 + 1. Let y be s(2). Let o be y*(-7 - 1)*(-5)/(-30). Suppose -2*d - 2*c - 2*c - o = 0, -5*c - 26 = -d. What are the prime factors of d?
2, 3
Let n(v) be the second derivative of -v**5/20 - 23*v**4/12 + v**3/2 - 12*v**2 + 52*v. List the prime factors of n(-24).
2, 3, 5
Let b(m) = 2*m**3 - 423*m - 420*m - 8 + 861*m - 5*m**2. List the prime factors of b(6).
2, 11
Let m(x) = -4*x**2 - 341*x + 143. What are the prime factors of m(-65)?
2, 13
Let l(d) = -3*d**2 - 10*d**3 - 11*d**3 - 7 - d + 15 - 4. Let x be l(-2). Suppose -3*r + x + 126 = 0. What are the prime factors of r?
2, 3
Let p(j) = 81*j + 26. Let l(x) = x**2 + 9*x - 5. Let q be l(-11). What are the prime factors of p(q)?
23, 61
Let r(u) = 14*u**2 + 3*u + 58. Let j(h) = h - 1. Let v(q) = -3*j(q) + r(q). Let o be v(9). Suppose 4*w - o = -w. What are the prime factors of w?
239
Suppose 4*p = -g + 3477, 0 = 4*g + 3*p - 10989 - 2893. Suppose -d - 63*o + 709 = -67*o, 0 = -5*d + o + g. List the prime factors of d.
3, 7, 11
Let b(l) = l**3 + 9*l**2 + 8*l + 3. Let d be b(-8). Suppose 3*g + 9 = 24, d*p - 5 = -g. Suppose 0 = -p*t + t - 78. List the prime factors of t.
2, 3, 13
Let c = 96 - 91. Let w(y) = -y**3 + 6*y**2 - 6*y + 5. Let v be w(c). Suppose v = 13*h + 670 - 2750. List the prime factors of h.
2, 5
Let s(b) = 1451 + 81*b**2 + 1447 - 2899 + 12*b. List the prime factors of s(2).
347
Let x(g) = 2*g**2 - 3*g**2 + 20*g - 29 - g**3 + 13*g**2. List the prime factors of x(12).
211
Suppose t - 554 = -353. Suppose 9*x - 249 - t = 0. What are the prime factors of x?
2, 5
Suppose 30*a - 22*a - 184 = 0. Suppose -a*z = -29*z + 3648. List the prime factors of z.
2, 19
Let q(w) = 160*w - 834. Let l be q(6). Let s(o) = -o**2 - 7. Let a be s(6). Let v = l + a. What are the prime factors of v?
83
Let n(z) = 7*z**2 + 98*z + 211. List the prime factors of n(-50).
23, 557
Let x = -10476 - -17555. Suppose x = 2*o